{"id":44,"date":"2015-05-11T15:43:28","date_gmt":"2015-05-11T13:43:28","guid":{"rendered":"http:\/\/www.weingut-polsterer.com\/Wordpress\/?page_id=44"},"modified":"2022-02-05T19:22:51","modified_gmt":"2022-02-05T18:22:51","slug":"weingut","status":"publish","type":"page","link":"https:\/\/www.weingut-polsterer.com\/Wordpress\/weingut\/","title":{"rendered":"Weingut"},"content":{"rendered":"<p>Als Familienbetrieb sind wir bestrebt, aus unseren Trauben die bestm\u00f6glichen Weine zu vinifizieren. Qualit\u00e4tsbewusstsein, Professionalit\u00e4t und Freude an der Arbeit sind dabei die wichtigsten Kriterien.<\/p>\n<p>Wir bewirtschaften ca. 15 ha Rebfl\u00e4che.\u00a0Der Wert, den wir dabei auf unsere Weing\u00e4rten legen, macht sich\u00a0insbesondere in der Art und Weise, wie wir mit der Natur, in der unsere Reben stehen, umgehen, bemerkbar. D\u00fcngerverzicht, N\u00fctzlingseinsatz und Warnger\u00e4te sind bei uns nicht nur Schlagworte, sondern die Grundlage unseren Kindern das Erlebnis Natur zu bewahren.<\/p>\n<p>Ihre Familie Polsterer<\/p>\n\n\n<div class=\"alignnormal\"><div id=\"metaslider-id-866\" style=\"max-width: 600px; margin: 0 auto;\" class=\"ml-slider-3-25-2 metaslider metaslider-flex metaslider-866 ml-slider\">\n    <div id=\"metaslider_container_866\">\n        <div id=\"metaslider_866\">\n            <ul aria-live=\"polite\" class=\"slides\">\n                <li style=\"display: block; width: 100%;\" class=\"slide-867 ms-image\"><img src=\"https:\/\/www.weingut-polsterer.com\/Wordpress\/wp-content\/uploads\/2015\/05\/IMG_64161-600x375.jpg\" height=\"375\" width=\"600\" alt=\"\" class=\"slider-866 slide-867\" title=\"IMG_64161\" \/><\/li>\n                <li style=\"display: none; width: 100%;\" class=\"slide-868 ms-image\"><img src=\"https:\/\/www.weingut-polsterer.com\/Wordpress\/wp-content\/uploads\/2015\/05\/IMG_64031-600x375.jpg\" height=\"375\" width=\"600\" alt=\"\" class=\"slider-866 slide-868\" title=\"IMG_64031\" \/><\/li>\n                <li style=\"display: none; width: 100%;\" class=\"slide-869 ms-image\"><img src=\"https:\/\/www.weingut-polsterer.com\/Wordpress\/wp-content\/uploads\/2015\/05\/IMG_64071-600x375.jpg\" height=\"375\" width=\"600\" alt=\"\" class=\"slider-866 slide-869\" title=\"IMG_64071\" \/><\/li>\n                <li style=\"display: none; width: 100%;\" class=\"slide-870 ms-image\"><img src=\"https:\/\/www.weingut-polsterer.com\/Wordpress\/wp-content\/uploads\/2015\/05\/IMG_64281-600x375.jpg\" height=\"375\" width=\"600\" alt=\"\" class=\"slider-866 slide-870\" title=\"IMG_64281\" \/><\/li>\n                <li style=\"display: none; width: 100%;\" class=\"slide-871 ms-image\"><img src=\"https:\/\/www.weingut-polsterer.com\/Wordpress\/wp-content\/uploads\/2015\/05\/IMG_65081-600x375.jpg\" height=\"375\" width=\"600\" alt=\"\" class=\"slider-866 slide-871\" title=\"IMG_65081\" \/><\/li>\n            <\/ul>\n        <\/div>\n        \n    <\/div>\n<\/div><\/div>\n","protected":false},"excerpt":{"rendered":"<p>Als Familienbetrieb sind wir bestrebt, aus unseren Trauben die bestm\u00f6glichen Weine zu vinifizieren. Qualit\u00e4tsbewusstsein, Professionalit\u00e4t und Freude an der Arbeit sind dabei die wichtigsten Kriterien. Wir bewirtschaften ca. 15 ha Rebfl\u00e4che.\u00a0Der Wert, den wir dabei auf unsere Weing\u00e4rten legen, macht sich\u00a0insbesondere in der Art und Weise, wie wir mit der Natur, in der unsere Reben stehen, umgehen, bemerkbar. D\u00fcngerverzicht, N\u00fctzlingseinsatz und Warnger\u00e4te sind bei uns nicht nur Schlagworte, sondern die&#8230;<\/p>\n","protected":false},"author":1,"featured_media":0,"parent":0,"menu_order":0,"comment_status":"closed","ping_status":"closed","template":"template-fullwidth.php","meta":[],"translation":{"provider":"WPGlobus","version":"2.10.0","language":"de","enabled_languages":["de"],"languages":{"de":{"title":true,"content":true,"excerpt":false}}},"_links":{"self":[{"href":"https:\/\/www.weingut-polsterer.com\/Wordpress\/wp-json\/wp\/v2\/pages\/44"}],"collection":[{"href":"https:\/\/www.weingut-polsterer.com\/Wordpress\/wp-json\/wp\/v2\/pages"}],"about":[{"href":"https:\/\/www.weingut-polsterer.com\/Wordpress\/wp-json\/wp\/v2\/types\/page"}],"author":[{"embeddable":true,"href":"https:\/\/www.weingut-polsterer.com\/Wordpress\/wp-json\/wp\/v2\/users\/1"}],"replies":[{"embeddable":true,"href":"https:\/\/www.weingut-polsterer.com\/Wordpress\/wp-json\/wp\/v2\/comments?post=44"}],"version-history":[{"count":9,"href":"https:\/\/www.weingut-polsterer.com\/Wordpress\/wp-json\/wp\/v2\/pages\/44\/revisions"}],"predecessor-version":[{"id":872,"href":"https:\/\/www.weingut-polsterer.com\/Wordpress\/wp-json\/wp\/v2\/pages\/44\/revisions\/872"}],"wp:attachment":[{"href":"https:\/\/www.weingut-polsterer.com\/Wordpress\/wp-json\/wp\/v2\/media?parent=44"}],"curies":[{"name":"wp","href":"https:\/\/api.w.org\/{rel}","templated":true}]}}