{"id":55,"date":"2015-05-11T16:30:31","date_gmt":"2015-05-11T14:30:31","guid":{"rendered":"http:\/\/www.weingut-polsterer.com\/Wordpress\/?page_id=55"},"modified":"2022-02-05T19:28:04","modified_gmt":"2022-02-05T18:28:04","slug":"wagram","status":"publish","type":"page","link":"https:\/\/www.weingut-polsterer.com\/Wordpress\/wagram\/","title":{"rendered":"Wagram"},"content":{"rendered":"<\/p>\n<p>Der sch\u00f6ne Ort Feuersbrunn liegt am Fu\u00dfe des Wagrams.\u00a0Der Name Wagram bezeichnet\u00a0sowohl die Gel\u00e4ndestufe, als auch das Weinbaugebiet, in dem unsere Weine unter besten Bedingungen reifen.<\/p>\n<p>Das Mikroklima wird vom Wechsel k\u00fchler Luft vom Manhartsberg und warmer Luft aus dem pannonischen Raum bestimmt. Dieser \u201eMix\u201c ergibt einen oft hohen Unterschied zwischen Tages- und Nachttemperatur und ist ein wichtiger Faktor f\u00fcr die Feinfruchtigkeit und das ausgepr\u00e4gte Bukett der Weine vom Wagram. Dabei spielt aber auch der bekannte und sehr\u00a0fruchtbare\u00a0Wagramer L\u00f6ss-Boden, der bis zu zwanzig Meter tief ist, eine wichtige Rolle. Dieser hat eine Entstehungsgeschichte, die weit in die Vergangenheit zur\u00fcck reicht. Sandiger Lehm mit zahlreichen Einlagerungen von Muscheln und anderen Ablagerungen des Urmeeres bilden heute n\u00e4mlich den festen Boden des Wagrams. Er weist eine hohe Wasserspeicherf\u00e4higkeit auf und eignet sich wunderbar f\u00fcr die Errichtung von Terrassen.\u00a0Unter anderem ist es gerade dieser L\u00f6ssboden, der unseren Weinen ihren unverwechselbaren Charakter verleiht.<\/p>\n<p>\u00a0<\/p>\n\n\n<div class=\"alignnormal\"><div id=\"metaslider-id-873\" style=\"max-width: 600px; margin: 0 auto;\" class=\"ml-slider-3-25-2 metaslider metaslider-flex metaslider-873 ml-slider\">\n    <div id=\"metaslider_container_873\">\n        <div id=\"metaslider_873\">\n            <ul aria-live=\"polite\" class=\"slides\">\n                <li style=\"display: block; width: 100%;\" class=\"slide-874 ms-image\"><img src=\"https:\/\/www.weingut-polsterer.com\/Wordpress\/wp-content\/uploads\/2015\/05\/DSC1905-591x369.jpg\" height=\"375\" width=\"600\" alt=\"\" class=\"slider-873 slide-874\" title=\"DSC1905\" \/><\/li>\n                <li style=\"display: none; width: 100%;\" class=\"slide-875 ms-image\"><img src=\"https:\/\/www.weingut-polsterer.com\/Wordpress\/wp-content\/uploads\/2015\/05\/DSC1826-591x369.jpg\" height=\"375\" width=\"600\" alt=\"\" class=\"slider-873 slide-875\" title=\"DSC1826\" \/><\/li>\n                <li style=\"display: none; width: 100%;\" class=\"slide-876 ms-image\"><img src=\"https:\/\/www.weingut-polsterer.com\/Wordpress\/wp-content\/uploads\/2015\/05\/DSC2618-591x369.jpg\" height=\"375\" width=\"600\" alt=\"\" class=\"slider-873 slide-876\" title=\"DSC2618\" \/><\/li>\n                <li style=\"display: none; width: 100%;\" class=\"slide-877 ms-image\"><img src=\"https:\/\/www.weingut-polsterer.com\/Wordpress\/wp-content\/uploads\/2015\/05\/IMG_5003-600x375.jpg\" height=\"375\" width=\"600\" alt=\"\" class=\"slider-873 slide-877\" title=\"IMG_5003\" \/><\/li>\n                <li style=\"display: none; width: 100%;\" class=\"slide-878 ms-image\"><img src=\"https:\/\/www.weingut-polsterer.com\/Wordpress\/wp-content\/uploads\/2015\/05\/Smaragdeidechse-591x369.jpg\" height=\"375\" width=\"600\" alt=\"\" class=\"slider-873 slide-878\" title=\"Smaragdeidechse\" \/><\/li>\n            <\/ul>\n        <\/div>\n        \n    <\/div>\n<\/div><\/div>\n\n\n\n<p>","protected":false},"excerpt":{"rendered":"<p>Der sch\u00f6ne Ort Feuersbrunn liegt am Fu\u00dfe des Wagrams.\u00a0Der Name Wagram bezeichnet\u00a0sowohl die Gel\u00e4ndestufe, als auch das Weinbaugebiet, in dem unsere Weine unter besten Bedingungen reifen. Das Mikroklima wird vom Wechsel k\u00fchler Luft vom Manhartsberg und warmer Luft aus dem pannonischen Raum bestimmt. Dieser \u201eMix\u201c ergibt einen oft hohen Unterschied zwischen Tages- und Nachttemperatur und ist ein wichtiger Faktor f\u00fcr die Feinfruchtigkeit und das ausgepr\u00e4gte Bukett der Weine vom Wagram&#8230;.<\/p>\n","protected":false},"author":1,"featured_media":0,"parent":0,"menu_order":0,"comment_status":"closed","ping_status":"closed","template":"template-fullwidth.php","meta":[],"translation":{"provider":"WPGlobus","version":"2.10.0","language":"de","enabled_languages":["de"],"languages":{"de":{"title":true,"content":true,"excerpt":false}}},"_links":{"self":[{"href":"https:\/\/www.weingut-polsterer.com\/Wordpress\/wp-json\/wp\/v2\/pages\/55"}],"collection":[{"href":"https:\/\/www.weingut-polsterer.com\/Wordpress\/wp-json\/wp\/v2\/pages"}],"about":[{"href":"https:\/\/www.weingut-polsterer.com\/Wordpress\/wp-json\/wp\/v2\/types\/page"}],"author":[{"embeddable":true,"href":"https:\/\/www.weingut-polsterer.com\/Wordpress\/wp-json\/wp\/v2\/users\/1"}],"replies":[{"embeddable":true,"href":"https:\/\/www.weingut-polsterer.com\/Wordpress\/wp-json\/wp\/v2\/comments?post=55"}],"version-history":[{"count":6,"href":"https:\/\/www.weingut-polsterer.com\/Wordpress\/wp-json\/wp\/v2\/pages\/55\/revisions"}],"predecessor-version":[{"id":880,"href":"https:\/\/www.weingut-polsterer.com\/Wordpress\/wp-json\/wp\/v2\/pages\/55\/revisions\/880"}],"wp:attachment":[{"href":"https:\/\/www.weingut-polsterer.com\/Wordpress\/wp-json\/wp\/v2\/media?parent=55"}],"curies":[{"name":"wp","href":"https:\/\/api.w.org\/{rel}","templated":true}]}}